{"id":41,"date":"2018-09-20T08:04:02","date_gmt":"2018-09-20T12:04:02","guid":{"rendered":"http:\/\/taichilove.com\/system\/?page_id=41"},"modified":"2020-08-02T15:35:47","modified_gmt":"2020-08-02T19:35:47","slug":"about","status":"publish","type":"page","link":"https:\/\/taichilove.com\/chen\/about\/","title":{"rendered":"Chen &#8211; Intro"},"content":{"rendered":"<p>In the distant past, the effectiveness and efficacy of a training method was determined through actual combat. In the modern era, such tests of skills no longer takes place. There are no recognized central authorities for the martial arts. This had led to the determination of authenticity for any style depending on anecdotal stories or appeal to historical lineage.<sup id=\"cite_ref-Lorge2012_33-0\" class=\"reference\"><a href=\"https:\/\/en.wikipedia.org\/wiki\/Chen-style_taijiquan#cite_note-Lorge2012-33\">[33]<\/a><\/sup>\u00a0Chen t&#8217;ai chi ch&#8217;uan also follows this trend. However, the Chen style practitioner follows a more stringent requirement. According to Chen Fake, the last great proponent of the Chen style in the modern era, the external appearance of the form is not important. A correct Chen style t&#8217;ai chi ch&#8217;uan form should be based on the same fundamental principle and that each element of a form should have a purpose. In Chen Fake&#8217;s words: &#8220;This set of Taijiquan does not have one technique which is useless. Everything was carefully designed for a purpose.&#8221; (&#8220;\u8fd9\u5957\u62f3\u6ca1\u6709\u4e00\u4e2a \u52a8\u4f5c\u662f\u7a7a\u7684, \u90fd\u662f\u6709\u7528\u7684&#8221;).\u00a0<sup id=\"cite_ref-\u6d2a\u5747\u751f1989_8-1\" class=\"reference\"><a href=\"https:\/\/en.wikipedia.org\/wiki\/Chen-style_taijiquan#cite_note-%E6%B4%AA%E5%9D%87%E7%94%9F1989-8\">[8]<\/a><\/sup><sup id=\"cite_ref-Hong2006_9-1\" class=\"reference\"><a href=\"https:\/\/en.wikipedia.org\/wiki\/Chen-style_taijiquan#cite_note-Hong2006-9\">[9]<\/a><\/sup>\u00a0The understanding of each sub-division should be interpreted with this idea in mind.<\/p>\n<p>The fundamental principles for Chen style tai chi chuan are summarized as follows:<sup id=\"cite_ref-\u4f59\u529f\u4fdd2006_6-1\" class=\"reference\"><a href=\"https:\/\/en.wikipedia.org\/wiki\/Chen-style_taijiquan#cite_note-%E4%BD%99%E5%8A%9F%E4%BF%9D2006-6\">[6]<\/a><\/sup><sup id=\"cite_ref-34\" class=\"reference\"><a href=\"https:\/\/en.wikipedia.org\/wiki\/Chen-style_taijiquan#cite_note-34\">[34]<\/a><\/sup><\/p>\n<ul>\n<li>Keeping the head upright (\u865a\u9886\u9876\u52b2, x\u016b l\u01d0ng d\u01d0ng j\u00ecn)<\/li>\n<li>Keeping the body straight (\u7acb\u8eab\u4e2d\u6b63, l\u00ecsh\u0113n zh\u014dngzh\u00e8ng)<\/li>\n<li>Drop the shoulders and sink the elbow (\u677e\u80a9\u6c89\u8098, s\u014dng ji\u0101n ch\u00e9n zh\u01d2u)<\/li>\n<li>The chest curve inwards and the waist pressed forward.(\u542b\u80f8\u584c\u8170, h\u00e1n xi\u014dng t\u0101 y\u0101o)<\/li>\n<li>Sink the energy to the dantian (\u5fc3\u6c14\u4e0b\u964d, x\u012bn q\u00ec xi\u00e0 ji\u00e0ng)<\/li>\n<li>Breath naturally (\u547c\u5438\u81ea\u7136, h\u016b x\u012b z\u00ec r\u00e1n)<\/li>\n<li>Relax the hip and keep the knees bent (\u677e\u80ef\u5c48\u819d ,s\u014dng ku\u00e0 q\u016b x\u012b)<\/li>\n<li>The crotch is arch shaped (\u88c6\u52b2\u5f00\u5706, d\u0101ng j\u00ecn k\u0101i yu\u00e1n)<\/li>\n<li>keep the mind pure and clear (\u865a\u5b9e\u5206\u660e, x\u016b sh\u00ed f\u0113n m\u00edng)<\/li>\n<li>The top and bottom works together (\u4e0a\u4e0b\u76f8\u968f. sh\u00e0ng xi\u00e0 xi\u0101ng su\u00ed)<\/li>\n<li>Adjust hardness and softness (\u521a\u67d4\u76f8\u6d4e, g\u0101ng r\u00f3u xi\u0101ng j\u00ec)<\/li>\n<li>Alternate fast and slow (\u5feb\u6162\u76f8\u95f4, (ku\u00e0i m\u00e0n xi\u0101ng ji\u00e0n)<\/li>\n<li>The external shape is curved (\u5916\u5f62\u8d70\u5f27\u7ebf, w\u00e0i x\u00edng z\u01d2u h\u00fa xi\u00e0n)<\/li>\n<li>The internal energy travels a spiral path (\u5185\u52b2\u8d70\u87ba\u65cb, n\u00e8i j\u00ecn z\u01d2u lu\u00f3 xu\u00e1n)<\/li>\n<li>The body leads the hand (\u4ee5\u8eab\u9886\u624b, y\u01d0 sh\u0113n l\u01d0ng sh\u01d2u)<\/li>\n<li>The waist is an axis (\u4ee5\u8170\u4e3a\u8f74, y\u01d0 y\u0101o w\u00e8i zh\u00f3u)<\/li>\n<\/ul>\n<h3><span id=\"Historical_forms_from_Chen_Village\" class=\"mw-headline\">Historical forms from Chen Village<\/span><span class=\"mw-editsection\"><span class=\"mw-editsection-bracket\">[<\/span><a title=\"Edit section: Historical forms from Chen Village\" href=\"https:\/\/en.wikipedia.org\/w\/index.php?title=Chen-style_taijiquan&amp;action=edit&amp;section=8\">edit<\/a><span class=\"mw-editsection-bracket\">]<\/span><\/span><\/h3>\n<p>Historical forms refers to training methods that are described in traditional boxing manuals from Chen village\u00a0<sup id=\"cite_ref-35\" class=\"reference\"><a href=\"https:\/\/en.wikipedia.org\/wiki\/Chen-style_taijiquan#cite_note-35\">[35]<\/a><\/sup>\u00a0or through oral recollections or through verbal histories.<sup id=\"cite_ref-\u6d2a\u5747\u751f1989_8-2\" class=\"reference\"><a href=\"https:\/\/en.wikipedia.org\/wiki\/Chen-style_taijiquan#cite_note-%E6%B4%AA%E5%9D%87%E7%94%9F1989-8\">[8]<\/a><\/sup><sup id=\"cite_ref-Hong2006_9-2\" class=\"reference\"><a href=\"https:\/\/en.wikipedia.org\/wiki\/Chen-style_taijiquan#cite_note-Hong2006-9\">[9]<\/a><\/sup>\u00a0Those forms are no longer being practiced since Chen Changxing (\u9673\u9577\u8208, 1771\u20131853), 14th generation Chen Village martial artist, reduce the methods into two routines.<\/p>\n<p>Chen Wangting (\u9673\u738b\u5ef7; \u9648\u738b\u5ead; 1580\u20131660), ninth generation Chen Village leader, was credited with the creation of seven routines. Those routines were:<sup id=\"cite_ref-\u4f59\u529f\u4fdd2006_6-2\" class=\"reference\"><a href=\"https:\/\/en.wikipedia.org\/wiki\/Chen-style_taijiquan#cite_note-%E4%BD%99%E5%8A%9F%E4%BF%9D2006-6\">[6]<\/a><\/sup><\/p>\n<ul>\n<li>The First Set of Thirteen Movements with 66 Forms (\u5934\u5957\u5341\u4e09\u5f0f 66\u5f0f)<\/li>\n<li>The Second Set with 27 forms (\u4e8c\u5957 27\u5f0f)<\/li>\n<li>The Third Set with 24 forms also known as the Four Big Hammer Set (\u4e09\u595724\u5f0f \u53c8\u79f0\u5927\u56db\u5957\u6376)<\/li>\n<li>Red Fist with 23 forms (\u7ea2\u62f3 23\u5f0f)<\/li>\n<li>The Fifth Set with 29 forms (\u4e94\u595729\u5f0f)<\/li>\n<li>The Long Fist with 108 forms (\u957f\u62f3 108\u5f0f)<\/li>\n<li>The Canon Fist with 71 forms now commonly known as the second form (\u70ae\u6376 \u4fd7\u79f0\u4e8c\u8def71\u5f0f)<\/li>\n<li>Weapon forms including the broadsword, the sword, the staff and the hook (\u5668\u68b0 \u5200, \u67aa, \u68cd, \u94a9\u7b49\u591a\u79cd)<\/li>\n<li>Two man training routines (\u5bf9\u7ec3\u5957\u8def)<\/li>\n<\/ul>\n<p>The first five sets is known as the five routines of t&#8217;ai chi ch&#8217;uan (\u592a\u6975\u62f3\u4e94\u8def). The 108 form Long Fist (\u4e00\u767e\u96f6\u516b\u52e2\u9577\u62f3) and a form known as Cannon Fist(\u70ae\u6376\u4e00\u8def) was considered to be a separate curriculum. In terms of weapons, the Chen clan writings described a variety of weapons including: spear, staff, swords, halberd, mace, sickles but the manual specifically describes training for spear, staff, broadsword and straight sword. Pushhands as a means of training was not described in those historical manuals but rather it was described as a form of pair training.<\/p>\n<h3><span id=\"Existing_Chen_Village_Forms:_Frames_-_Large_and_Small.2C_Old_and_New\"><\/span><span id=\"Existing_Chen_Village_Forms:_Frames_-_Large_and_Small,_Old_and_New\" class=\"mw-headline\">Existing Chen Village Forms: Frames &#8211; Large and Small, Old and New<\/span><span class=\"mw-editsection\"><span class=\"mw-editsection-bracket\">[<\/span><a title=\"Edit section: Existing Chen Village Forms: Frames - Large and Small, Old and New\" href=\"https:\/\/en.wikipedia.org\/w\/index.php?title=Chen-style_taijiquan&amp;action=edit&amp;section=9\">edit<\/a><span class=\"mw-editsection-bracket\">]<\/span><\/span><\/h3>\n<p>There are three main variants of Chen forms that are being practiced today. Each variant uses the concept of frames (\u67b6, jia) to describe the difference in appearance within each form. The concept of frames refer to the general width of stances and range of motion within the form. In Large Frame (\u5927\u67b6, da jia ), the standard horse stance is at least two and half shoulder widths wide and hand techniques that are large and expansive in appearance. In contrast, small frame (\u5c0f\u67b6; xiao jia), the standard horse stance is at most two shoulder width wide and the hand techniques are shorter and more compact. Each frame have their own distinctive lineage and training ideas. There are two types of Large Frame: old frame (\u8001\u67b6; L\u01ceo jia) and new frame (\u65b0\u67b6 xin jia). Both type of large frame are traced directly to the teachings of Chen Fake.<\/p>\n<h4><span id=\"Large_frame:_old_frame_tradition\" class=\"mw-headline\">Large frame: old frame tradition<\/span><span class=\"mw-editsection\"><span class=\"mw-editsection-bracket\">[<\/span><a title=\"Edit section: Large frame: old frame tradition\" href=\"https:\/\/en.wikipedia.org\/w\/index.php?title=Chen-style_taijiquan&amp;action=edit&amp;section=10\">edit<\/a><span class=\"mw-editsection-bracket\">]<\/span><\/span><\/h4>\n<p>The large frame \u2014 old frame system of training consists of two forms. They are known simply as the First form (<a title=\"Chen (Old Frame, First Routine, Lao Jia Yi Lu)\" href=\"https:\/\/en.wikipedia.org\/wiki\/Chen_(Old_Frame,_First_Routine,_Lao_Jia_Yi_Lu)\">Yi Lu<\/a>) and the Second Form (<a class=\"new\" title=\"Chen (Old Frame, Second Routine, Lao Jia Er Lu) (page does not exist)\" href=\"https:\/\/en.wikipedia.org\/w\/index.php?title=Chen_(Old_Frame,_Second_Routine,_Lao_Jia_Er_Lu)&amp;action=edit&amp;redlink=1\">Er Lu<\/a>) also known as the Cannon Fist (Pao Chui). These two forms known as the basis of Chen-style Tai chi Quan. This system was first taught by Chen Fake in Beijing in 1928. There are 72 moves in the First Form and 42 moves in the Second Form. The historical roots can be traced back to Chen Fake&#8217;s great grandfather, Chen Changxing (\u9673\u9577\u8208 Ch\u00e9n Ch\u00e1ngx\u012bng, Ch&#8217;en Chang-hsing, 1771\u20131853) who was also the teacher of Yang Luchan. Due to this common lineage, there are similarities on stances even though more than fifty years separates the Yang training traditions and the form revealed by Chen Fake in Beijing. The description of Yilu in Chen style parlance are: Movements are large and stretching, Footwork is brisk and steady, the body is naturally straight, the entire body controlled by internal energy. (\u62f3\u67b6\u8212\u5c55\u5927\u65b9\uff0c\u6b65\u6cd5\u8f7b\u7075\u7a33\u5065\uff0c\u8eab\u6cd5\u4e2d\u6b63\u81ea\u7136\uff0c\u5185\u52b2\u7edf\u9886\u5168\u8eab\u3002) The exercise requires the close coordination between mind-intent, internal energy, and the body; the outer appearance is an arc and the internal energy travels along the path of a spiral; the energy winds around so that the external action appears soft but corresponding internal action is hard. (\u7ec3\u4e60\u65f6\uff0c\u8981\u6c42\u610f\u3001\u6c14\u3001\u8eab\u5bc6\u5207\u914d\u5408\uff0c\u5916\u5f62\u8d70\u5f27\u7ebf\uff0c\u5185\u52b2\u8d70\u87ba\u65cb\uff0c\u7f20\u7ed5\u5706\u8f6c\uff0c\u5916\u67d4\u5185\u521a\u3002)\u00a0<sup id=\"cite_ref-oldframebaike_36-0\" class=\"reference\"><a href=\"https:\/\/en.wikipedia.org\/wiki\/Chen-style_taijiquan#cite_note-oldframebaike-36\">[36]<\/a><\/sup><\/p>\n<p>Erlu training starts after the student is proficient in performing Yilu. Yilu trains the student on the unique principles of Tai chi in contrast Erlu focus on fighting applications based on those principles. In appearance, the Erlu stances are shorter, the moves are faster and more explosive. The intent is that each posture is training for a strike rather than on a grapple and the technique uses the energies of smaller and smaller circles.<sup id=\"cite_ref-Santiago2013_37-0\" class=\"reference\"><a href=\"https:\/\/en.wikipedia.org\/wiki\/Chen-style_taijiquan#cite_note-Santiago2013-37\">[37]<\/a><\/sup><\/p>\n<h4><span id=\"Large_frame:_new_frame_tradition\" class=\"mw-headline\">Large frame: new frame tradition<\/span><span class=\"mw-editsection\"><span class=\"mw-editsection-bracket\">[<\/span><a title=\"Edit section: Large frame: new frame tradition\" href=\"https:\/\/en.wikipedia.org\/w\/index.php?title=Chen-style_taijiquan&amp;action=edit&amp;section=11\">edit<\/a><span class=\"mw-editsection-bracket\">]<\/span><\/span><\/h4>\n<div class=\"thumb tright\">\n<div class=\"thumbinner\">\n<p><a class=\"image\" href=\"https:\/\/en.wikipedia.org\/wiki\/File:ChenFake.jpg\"><img loading=\"lazy\" decoding=\"async\" class=\"thumbimage\" src=\"https:\/\/upload.wikimedia.org\/wikipedia\/commons\/thumb\/2\/21\/ChenFake.jpg\/220px-ChenFake.jpg\" srcset=\"\/\/upload.wikimedia.org\/wikipedia\/commons\/thumb\/2\/21\/ChenFake.jpg\/330px-ChenFake.jpg 1.5x, \/\/upload.wikimedia.org\/wikipedia\/commons\/2\/21\/ChenFake.jpg 2x\" alt=\"\" width=\"220\" height=\"204\" data-file-width=\"375\" data-file-height=\"348\" \/><\/a><\/p>\n<div class=\"thumbcaption\">\n<p>An older\u00a0<a title=\"Chen Fake\" href=\"https:\/\/en.wikipedia.org\/wiki\/Chen_Fake\">Chen Fake<\/a>\u00a0plays the &#8220;xin jia&#8221; form he introduced to the world<\/p>\n<\/div>\n<\/div>\n<\/div>\n<p>The\u00a0<a class=\"new\" title=\"Xin Jia (page does not exist)\" href=\"https:\/\/en.wikipedia.org\/w\/index.php?title=Xin_Jia&amp;action=edit&amp;redlink=1\">Xin Jia<\/a>\u00a0(New Frame; \u65b0\u67b6) is attributed to Chen Fake, and some regard him as the author of the style, while others see him as the inheritor of a mix of different older methods held by the family that he developed as his own practice. Credit for actual public teaching\/spread of these two new routines probably goes to his senior students (especially his son, Chen Zhaokui).<\/p>\n<p>When\u00a0<a class=\"new\" title=\"Chen Zhaokui (page does not exist)\" href=\"https:\/\/en.wikipedia.org\/w\/index.php?title=Chen_Zhaokui&amp;action=edit&amp;redlink=1\">Chen Zhaokui<\/a>\u00a0returned to Chen Village (to assist and then succeed Chen ZhaoPei) to train today&#8217;s generation of Masters (e.g. the &#8220;Four Buddhas&#8221;) he taught Chen Fake&#8217;s, unknown (to them) practice methods. Zhu Tian Cai, who was a young man at the time, claims that they all started calling it &#8220;xin jia&#8221; (new frame) because it was adapted from classic old frame.<\/p>\n<p>Some of the main differences that &#8216;new&#8217; frame has compared to &#8216;old&#8217; frame are xiongyao zhedie (chest and waist layered folding), which is the coordinated opening and closing of back and chest along with a type of rippling wave (folding) running vertically up and down the dantian\/waist area, connected to twisting of the waist\/torso. The stances tend to be more compact in the goal of better mobility for fighting applications, while they still remain quite low. This form tends to emphasize manipulation, seizing and grappling (<a class=\"mw-redirect\" title=\"Qin na\" href=\"https:\/\/en.wikipedia.org\/wiki\/Qin_na\">qin na<\/a>) and a tight method of spiral winding for both long and shorter range striking.<\/p>\n<p>Zhu Tian Cai has commented that the xinjia (new frame) emphasises the silk reeling movements to help beginners more easily learn the internal principles in form and to make application more obvious in relation to the Old big frame forms.<\/p>\n<p>It was also recounted that by the time of the cultural revolution, Chen Village was losing qualified teachers of Taijiquan, and the resident students (who are now the more famous exponents of the style) had not been taught much in the areas of tuishou (push hand) or martial application methods. It was not until the return of Chen Zhaokui that these methods were covered in detail, over a series of visits. What some called &#8220;Xinjia&#8221;, or Chen Zhaokui&#8217;s form, was explicitly practiced with the purpose of developing tangible and effective martial arts methods and strengths. This is another reason it was said to be exciting for younger students.<\/p>\n<p>In Chen Village xin jia is traditionally learned only after lao jia. Like lao jia, xin jia consists of two routines, yi lu and er lu (cannon fist). The new frame cannon fist is generally performed faster than the other empty hand forms, at the standardized speed its 83 movements finish in under 15 minutes.<sup class=\"noprint Inline-Template Template-Fact\">[<i><a title=\"Wikipedia:Citation needed\" href=\"https:\/\/en.wikipedia.org\/wiki\/Wikipedia:Citation_needed\"><span title=\"This claim needs references to reliable sources. (February 2007)\">citation needed<\/span><\/a><\/i>]<\/sup>!<\/p>\n<h4><span id=\"Small_frame_tradition\" class=\"mw-headline\">Small frame tradition<\/span><span class=\"mw-editsection\"><span class=\"mw-editsection-bracket\">[<\/span><a title=\"Edit section: Small frame tradition\" href=\"https:\/\/en.wikipedia.org\/w\/index.php?title=Chen-style_taijiquan&amp;action=edit&amp;section=12\">edit<\/a><span class=\"mw-editsection-bracket\">]<\/span><\/span><\/h4>\n<p>The small frame (xiao jia; \u5c0f\u67b6) style was until recently not publicly known outside of Chen Village. DVD material has been made available in more recent times though authentic, public teaching is still hard to find. The reasons for this may be more to do with the nature of small frame tradition itself rather than any particular motivation of secrecy.<\/p>\n<p>Although it recently had the term &#8220;small frame&#8221; attached to it &#8220;xiao jia&#8221; was previously known as &#8220;xin jia&#8221; (new frame). Apparently the name change occurred to differentiate it from the new routines that Chen Fake created (from big frame tradition&#8217;s &#8220;old frame&#8221; routines) in the 1950s, which then became called &#8220;Xin Jia&#8221; (by the young men of Chen Village).<\/p>\n<p>Even today some people confuse Chen Fake&#8217;s altered routines (from big frame tradition&#8217;s &#8220;old frame&#8221; routines) with small frame tradition and believe he revealed the secret teaching of small frame tradition as well.<\/p>\n<p>Zhu Tian Cai comments that small frame tradition routines also used to be practiced by &#8220;retired&#8221; Chen villagers. It seems this was because the more demanding leaping, stomping, low frame, and intensive fa jing of the advanced big frame tradition routines have been eliminated and the retained movements emphasize use of the more subtle internal skills, which is a more appropriate regimen for the bodies of elder practitioners. He also observed that young children used to imitate Small Frame routines by watching older villagers practicing and this was encouraged for health reasons.<\/p>\n<p>Xiao Jia is known mainly for its emphasis on internal movements, this being the main reason that people refer to it as &#8220;small frame&#8221;; all &#8220;silk-reeling&#8221; action is within the body, the limbs are the last place the motion occurs.<\/p>\n<p>&#8212; <a href=\"https:\/\/en.wikipedia.org\/wiki\/Chen-style_taijiquan\">https:\/\/en.wikipedia.org\/wiki\/Chen-style_taijiquan<\/a><\/p>\n<p class=\"p1\">In the 1670s, Chen Wangting developed several Tai Chi routines which included the old frame (classical Chen style) form still practised today. He was greatly influenced by schools of boxing, particularly that of a famous general of the Imperial army, Qi Jiguang. Qi Jiguang wrote an important textbook on military training called Boxing in 32 Forms. Perhaps more significantly, Chen Wangting assimilated the ancient philosophical techniques of Daoyin and Tuina into his martial art routines. These techniques, together with the use of clarity of consciousness, developed into the practice of Taoism. Daoyin is the concentrated exertion of inner force, while Tuina is a set of deep breathing exercises. Tuina has recently developed into the popular Qigong exercises. He also adapt the core philosophical understanding of Traditional Chinese Medicine. By combining martial art exercises, the practice of Daoyin and Tuina and Traditional Chinese Medicine, Tai Chi became a complete system of exercise in which the practitioner\u2019s mental concentration, breathing and actions are closely connected. It paved the way for its current use as an ideal form of exercise for all aspects of health care. Since then, Chen style had been kept almost in secrecy within his village. The clan taught Tai Chi to their daughters-in-law, but not their daughters, lest they took the art outside the village (there was no such thing as divorce in those days!).<\/p>\n<p class=\"p1\">In his later years, Chen Xin, a member of the 16th generation of the Chen family, wrote and illustrated a detailed book about the Chen school of Tai Chi. In it, he described the correct postures and movements, and explained the philosophical and medical background of the routines. This was not, however, published until 1932, after Chen Fake, a great grandson of the celebrated Chen Changxing, had taught the Chen style Tai Chi outside Chen Village.<\/p>\n<p class=\"p1\">Chen Fake, who was of the 17th generation of the Chen family, was one of the most highly accomplished and possibly the greatest leader of the Chen style Tai Chi. There have been many stories told about his amazing prowess in Tai Chi, and also about his near perfect disposition: He was universally well-liked, making no enemies during the 29 years he lived and taught in Beijing up until his death in 1957.<\/p>\n<p class=\"p1\">Chen Fake was the youngest child in his family and his father was 60 years old when he was born. His two elder brothers died in an epidemic, and as a result, Chen Fake was very spoiled. He was also rather a weakling and, because he was spoiled, he was never forced to practice Tai Chi. Chen Fake was also lazy and, even though he knew Tai Chi would improve his health, he did not bother practicing it. By the time Chen Fake was 14 years old, he was the laughing stock of his village. His father, on the other hand, was recognized within the village as a leader and the most highly skilled practitioner of Tai Chi. As Chen Fake grew older, he began to feel ashamed, realizing that he was letting his father down. He decided to try to catch up to his cousin, who was very highly respected for his skill, strength and expertise in Tai Chi. But no matter how much Chen Fake improved, his cousin improved by an equal amount. Chen Fake began to worry that he would never catch up with his cousin.<\/p>\n<p class=\"p1\">Then one day, while Chen Fake and his cousin were walking in the fields, his cousin remembered they had left something behind and told Chen Fake, \u201c\u2026 Run back and fetch it. I shall walk slowly so that you can catch up with me.\u201d As Chen Fake was running back to catch up with his cousin, it suddenly occurred to him that if he practiced harder than his cousin he would eventually catch up to him. From then on, Chen Fake used every available minute to practice. Soon, he improved so much in strength and technique that he was able to beat his cousin in a sparring match. His father had been away from home at that time for about 3 years so Chen Fake\u2019s spectacular improvement could not have been attributed to any special coaching from him. Rather, it was the result of the incredible number of hours he had put into practicing.<\/p>\n<p class=\"p1\">Chen Fake taught thousands of students during his years in Beijing. Many started Tai Chi to improve their health or even to cure a specific illness. Famous students of Chen Fake included Tian Xiuchen, Hong Junsheng, Liu Ruizhan, Tang Hao, Gu Liuxin, Lei Mumin, Li Jinwu, Feng Zhiqiang and Li Zhongyiun.<\/p>\n<p class=\"p1\">Chen Style is characterized by its emphasis on spiral force. Its movements are similar to other martial arts. Slow and soft movements intermix with fast and hard ones. It is also characterized by explosive power and low stances. Chen Style is rich with combat techniques that are practical and effective, making it more suitable for younger people.<\/p>\n<p><a href=\"https:\/\/taichiforhealthinstitute.org\/history-of-tai-chi-2\/#:~:text=Tai%20Chi%20is%20one%20of,soft%20versus%20fast%20and%20hard.\">&#8212; Dr Paul Lam<\/a><\/p>\n<p>(For more information about the historical founders and creators of the Chen Taiji forms, please click on the link at the bottom of this page.)<\/p>\n<p><img loading=\"lazy\" decoding=\"async\" class=\"aligncenter size-medium wp-image-10\" src=\"http:\/\/taichilove.com\/system\/wp-content\/uploads\/2018\/08\/TCL_88.3_photo_edited-300x169.jpg\" alt=\"\" width=\"300\" height=\"169\" srcset=\"https:\/\/taichilove.com\/chen\/wp-content\/uploads\/2018\/08\/TCL_88.3_photo_edited-300x169.jpg 300w, https:\/\/taichilove.com\/chen\/wp-content\/uploads\/2018\/08\/TCL_88.3_photo_edited-768x432.jpg 768w, https:\/\/taichilove.com\/chen\/wp-content\/uploads\/2018\/08\/TCL_88.3_photo_edited-1024x576.jpg 1024w, https:\/\/taichilove.com\/chen\/wp-content\/uploads\/2018\/08\/TCL_88.3_photo_edited.jpg 1600w\" sizes=\"auto, (max-width: 300px) 100vw, 300px\" \/><\/p>\n","protected":false},"excerpt":{"rendered":"<p>In the distant past, the effectiveness and efficacy of a training method was determined through actual combat. In the modern era, such tests of skills no longer takes place. There are no recognized central authorities for the martial arts. This had led to the determination of authenticity for any style depending on anecdotal stories or [&hellip;]<\/p>\n","protected":false},"author":1,"featured_media":0,"parent":0,"menu_order":0,"comment_status":"closed","ping_status":"closed","template":"","meta":{"_monsterinsights_skip_tracking":false,"_monsterinsights_sitenote_active":false,"_monsterinsights_sitenote_note":"","_monsterinsights_sitenote_category":0,"_genesis_hide_title":false,"_genesis_hide_breadcrumbs":false,"_genesis_hide_singular_image":false,"_genesis_hide_footer_widgets":false,"_genesis_custom_body_class":"","_genesis_custom_post_class":"","_genesis_layout":"","footnotes":""},"class_list":{"0":"post-41","1":"page","2":"type-page","3":"status-publish","5":"entry","6":"has-post-thumbnail"},"_links":{"self":[{"href":"https:\/\/taichilove.com\/chen\/wp-json\/wp\/v2\/pages\/41","targetHints":{"allow":["GET"]}}],"collection":[{"href":"https:\/\/taichilove.com\/chen\/wp-json\/wp\/v2\/pages"}],"about":[{"href":"https:\/\/taichilove.com\/chen\/wp-json\/wp\/v2\/types\/page"}],"author":[{"embeddable":true,"href":"https:\/\/taichilove.com\/chen\/wp-json\/wp\/v2\/users\/1"}],"replies":[{"embeddable":true,"href":"https:\/\/taichilove.com\/chen\/wp-json\/wp\/v2\/comments?post=41"}],"version-history":[{"count":12,"href":"https:\/\/taichilove.com\/chen\/wp-json\/wp\/v2\/pages\/41\/revisions"}],"predecessor-version":[{"id":189,"href":"https:\/\/taichilove.com\/chen\/wp-json\/wp\/v2\/pages\/41\/revisions\/189"}],"wp:attachment":[{"href":"https:\/\/taichilove.com\/chen\/wp-json\/wp\/v2\/media?parent=41"}],"curies":[{"name":"wp","href":"https:\/\/api.w.org\/{rel}","templated":true}]}}